{"id":409,"date":"2019-06-30T18:37:58","date_gmt":"2019-06-30T18:37:58","guid":{"rendered":"https:\/\/soziales-loerrach.de\/?page_id=409"},"modified":"2019-06-30T18:37:58","modified_gmt":"2019-06-30T18:37:58","slug":"sport-kultur-und-kunst","status":"publish","type":"page","link":"https:\/\/soziales-loerrach.de\/index.php\/programme\/programm-2019-kreis-loerrach\/sport-kultur-und-kunst\/","title":{"rendered":"Sport, Kultur und Kunst"},"content":{"rendered":"<div class=\"entry\">\n<p>Die F\u00f6rderung von Sport und Kultur liegt zwar in der Hand der Gemeinden, aber insbesondere kleine Gemeinden k\u00f6nnen diese Aufgabe oftmals nicht optimal erf\u00fcllen.<\/p>\n<p><strong>LINKE UND SOZIALE<\/strong> Politik sieht die <strong>F\u00f6rderung von Sport, Kultur und Kunst<\/strong> als regionale Pflichtaufgabe, die zwar \u00fcber die Daseinsvorsorge hinausgeht, aber die Lebensqualit\u00e4t erh\u00f6ht, den gesellschaftlichen Zusammenhalt st\u00e4rkt und Identit\u00e4t schafft.<\/p>\n<p><strong>LINKE UND SOZIALE<\/strong> Politik wird sich daf\u00fcr einsetzen, dass sich der Landkreis an regional wichtigen Sport- und Kulturst\u00e4tten \u2013 wie beispielgebend dem Laguna in Weil, dem Burghof L\u00f6rrach \u2013 beteiligt und ihre Finanzierung mittr\u00e4gt.<\/p>\n<p><strong>LINKE UND SOZIALE<\/strong> Politik fordert, dass ein <strong>Kreis-Sport- und ein Kreis-Kulturreferat<\/strong> eingerichtet werden, die regional wichtige Sport- und Kulturveranstaltungen und -st\u00e4tten f\u00f6rdern und vor allem kleine Gemeinden in Fragen der Sport- und Kulturpolitik beraten und unterst\u00fctzen.<\/p>\n<p>Ein besonderes Augenmerk wird <strong>LINKE UND SOZIALE<\/strong> Politik auf die F\u00f6rderung von Jugendlichen und jungen Erwachsenen legen, damit insbesondere bei h\u00f6heren Begabungen ein gro\u00dfst\u00e4dtisches Angebot unabh\u00e4ngig von der finanziellen Situation genutzt werden kann. <strong>LINKE UND SOZIALE<\/strong> Politik schl\u00e4gt deshalb eine Kreis-Sportschule f\u00fcr sportlich besonders interessierte und begabte junge Menschen vor, an ein Kreis-Jugendorchester auf hohem Niveau etc.<\/p>\n<p><strong>LINKE UND SOZIALE<\/strong> Politik setzt sich f\u00fcr die regionale F\u00f6rderung von K\u00fcnstlern ein und die Schaffung einer <strong>Kunst- und Kulturf\u00f6rderst\u00e4tte<\/strong> f\u00fcr junge und alte, musische und bildende K\u00fcnstler vor allem aus dem Landkreis, aber auch aus der Region, in der Kurse und Retreats, Seminare und Workshops stattfinden und Freir\u00e4ume geschaffen werden, die unabh\u00e4ngig von Einkommen und finanziellen M\u00f6glichkeiten genutzt werden k\u00f6nnen.<\/p>\n<\/div>\n","protected":false},"excerpt":{"rendered":"<p>Die F\u00f6rderung von Sport und Kultur liegt zwar in der Hand der Gemeinden, aber insbesondere kleine Gemeinden k\u00f6nnen diese Aufgabe oftmals nicht optimal erf\u00fcllen. LINKE UND SOZIALE Politik sieht die F\u00f6rderung von Sport, Kultur und Kunst als regionale Pflichtaufgabe, die zwar \u00fcber die Daseinsvorsorge hinausgeht, aber die Lebensqualit\u00e4t erh\u00f6ht, den gesellschaftlichen Zusammenhalt st\u00e4rkt und Identit\u00e4t &hellip; <a href=\"https:\/\/soziales-loerrach.de\/index.php\/programme\/programm-2019-kreis-loerrach\/sport-kultur-und-kunst\/\" class=\"more-link\"><span class=\"screen-reader-text\">\u201eSport, Kultur und Kunst\u201c<\/span> weiterlesen<\/a><\/p>\n","protected":false},"author":1,"featured_media":0,"parent":392,"menu_order":7,"comment_status":"closed","ping_status":"closed","template":"","meta":[],"_links":{"self":[{"href":"https:\/\/soziales-loerrach.de\/index.php\/wp-json\/wp\/v2\/pages\/409"}],"collection":[{"href":"https:\/\/soziales-loerrach.de\/index.php\/wp-json\/wp\/v2\/pages"}],"about":[{"href":"https:\/\/soziales-loerrach.de\/index.php\/wp-json\/wp\/v2\/types\/page"}],"author":[{"embeddable":true,"href":"https:\/\/soziales-loerrach.de\/index.php\/wp-json\/wp\/v2\/users\/1"}],"replies":[{"embeddable":true,"href":"https:\/\/soziales-loerrach.de\/index.php\/wp-json\/wp\/v2\/comments?post=409"}],"version-history":[{"count":1,"href":"https:\/\/soziales-loerrach.de\/index.php\/wp-json\/wp\/v2\/pages\/409\/revisions"}],"predecessor-version":[{"id":410,"href":"https:\/\/soziales-loerrach.de\/index.php\/wp-json\/wp\/v2\/pages\/409\/revisions\/410"}],"up":[{"embeddable":true,"href":"https:\/\/soziales-loerrach.de\/index.php\/wp-json\/wp\/v2\/pages\/392"}],"wp:attachment":[{"href":"https:\/\/soziales-loerrach.de\/index.php\/wp-json\/wp\/v2\/media?parent=409"}],"curies":[{"name":"wp","href":"https:\/\/api.w.org\/{rel}","templated":true}]}}

<div class="entry">
<p>Die Förderung von Sport und Kultur liegt zwar in der Hand der Gemeinden, aber insbesondere kleine Gemeinden können diese Aufgabe oftmals nicht optimal erfüllen.</p>
<p><strong>LINKE UND SOZIALE</strong> Politik sieht die <strong>Förderung von Sport, Kultur und Kunst</strong> als regionale Pflichtaufgabe, die zwar über die Daseinsvorsorge hinausgeht, aber die Lebensqualität erhöht, den gesellschaftlichen Zusammenhalt stärkt und Identität schafft.</p>
<p><strong>LINKE UND SOZIALE</strong> Politik wird sich dafür einsetzen, dass sich der Landkreis an regional wichtigen Sport- und Kulturstätten – wie beispielgebend dem Laguna in Weil, dem Burghof Lörrach – beteiligt und ihre Finanzierung mitträgt.</p>
<p><strong>LINKE UND SOZIALE</strong> Politik fordert, dass ein <strong>Kreis-Sport- und ein Kreis-Kulturreferat</strong> eingerichtet werden, die regional wichtige Sport- und Kulturveranstaltungen und -stätten fördern und vor allem kleine Gemeinden in Fragen der Sport- und Kulturpolitik beraten und unterstützen.</p>
<p>Ein besonderes Augenmerk wird <strong>LINKE UND SOZIALE</strong> Politik auf die Förderung von Jugendlichen und jungen Erwachsenen legen, damit insbesondere bei höheren Begabungen ein großstädtisches Angebot unabhängig von der finanziellen Situation genutzt werden kann. <strong>LINKE UND SOZIALE</strong> Politik schlägt deshalb eine Kreis-Sportschule für sportlich besonders interessierte und begabte junge Menschen vor, an ein Kreis-Jugendorchester auf hohem Niveau etc.</p>
<p><strong>LINKE UND SOZIALE</strong> Politik setzt sich für die regionale Förderung von Künstlern ein und die Schaffung einer <strong>Kunst- und Kulturförderstätte</strong> für junge und alte, musische und bildende Künstler vor allem aus dem Landkreis, aber auch aus der Region, in der Kurse und Retreats, Seminare und Workshops stattfinden und Freiräume geschaffen werden, die unabhängig von Einkommen und finanziellen Möglichkeiten genutzt werden können.</p>
</div>

<p>Die Förderung von Sport und Kultur liegt zwar in der Hand der Gemeinden, aber insbesondere kleine Gemeinden können diese Aufgabe oftmals nicht optimal erfüllen. LINKE UND SOZIALE Politik sieht die Förderung von Sport, Kultur und Kunst als regionale Pflichtaufgabe, die zwar über die Daseinsvorsorge hinausgeht, aber die Lebensqualität erhöht, den gesellschaftlichen Zusammenhalt stärkt und Identität &hellip; <a href="https://soziales-loerrach.de/index.php/programme/programm-2019-kreis-loerrach/sport-kultur-und-kunst/" class="more-link"><span class="screen-reader-text">„Sport, Kultur und Kunst“</span> weiterlesen</a></p>
