{"id":407,"date":"2019-06-30T18:37:17","date_gmt":"2019-06-30T18:37:17","guid":{"rendered":"https:\/\/soziales-loerrach.de\/?page_id=407"},"modified":"2019-06-30T18:37:17","modified_gmt":"2019-06-30T18:37:17","slug":"wirtschafts-energie-und-struktur-und-umweltpolitik","status":"publish","type":"page","link":"https:\/\/soziales-loerrach.de\/index.php\/programme\/programm-2019-kreis-loerrach\/wirtschafts-energie-und-struktur-und-umweltpolitik\/","title":{"rendered":"Wirtschafts-, Energie- und Struktur- und Umweltpolitik"},"content":{"rendered":"<h4><a>Der Landkreis im Eurodistrict<\/a><\/h4>\n<p>Im <strong>Trinationalen Eurodistrict Basel (TEB)<\/strong> f\u00f6rdern und koordinieren die Regionen S\u00fcdbadens, der Nordwestschweiz und des Elsass grenz\u00fcberschreitende Aktivit\u00e4ten. <strong>LINKE UND SOZIALE<\/strong> Politik wird sich daf\u00fcr einsetzen, dass die grenz\u00fcberschreitende Zusammenarbeit auch f\u00fcr B\u00fcrger noch besser erlebbar wird, z.B. durch mehr grenz\u00fcberschreitenden \u00d6PNV, dass Umweltprobleme gemeinsam gel\u00f6st und \u2013projekte gemeinsam geplant werden etc.<\/p>\n<p><strong>LINKE UND SOZIALE<\/strong> Politik wird sich hier beispielsweise daf\u00fcr einsetzen, dass das <strong>Gift- und Sonderm\u00fclldepot Stocamine<\/strong> bei Mulhouse nicht mit hoher Gefahr f\u00fcr das Grundwasser in der Region und in der ganzen Rheinebene \u201eversiegelt\u201c, sondern vollst\u00e4ndig ger\u00e4umt wird und dass die Kosten daf\u00fcr den Profiteuren der Einlagerung und ihren Erben bzw. Unternehmensnachfolgern in Rechnung gestellt werden.<\/p>\n<p><strong>LINKE UND SOZIALE<\/strong> Politik wird sich weiterhin daf\u00fcr einsetzen, dass l\u00e4nder\u00fcbergreifende <strong>Bildungs- und Jugendaustauschprojekte<\/strong> weitergef\u00fchrt und finanziert werden, nicht nur f\u00fcr Sch\u00fcler, sondern auch f\u00fcr Auszubildenden und im Berufsleben stehende junge Menschen. Wir wollen Kooperation zwischen Handwerksbetrieben aus allen drei L\u00e4ndern f\u00f6rdern, damit ihre Mitarbeiter die Gelegenheit bekommen, in Partnerbetrieben in den jeweils anderen L\u00e4ndern arbeiten zu k\u00f6nnen.<\/p>\n<p><strong>LINKE UND SOZIALE<\/strong> Politik wird sich auch daf\u00fcr einsetzen, dass Fragen der <strong>Raumplanung<\/strong> und Verkehrsfragen grenz\u00fcberschreitend gel\u00f6st werden. Wir sind gegen eine \u00dcberangebot an Einkaufszentren, die sp\u00e4ter zu Investitionsruinen werden.<\/p>\n<p><strong>LINKE UND SOZIALE<\/strong> Politik setzt sich ein f\u00fcr einen umfassenden <strong>Schutz der Natur<\/strong> im Dreil\u00e4ndereck. Grenz\u00fcberschreitende Naturschutzprojekte m\u00fcssen gemeinsam geplant und umgesetzt werden. Dazu geh\u00f6rt auch die Umwandlung der Maisw\u00fcsten beidseits des Rheins in \u00f6kologisch wertvolle, diversifiziert und m\u00f6glichst naturnah bewirtschaftete Fl\u00e4chen, die Insekten, V\u00f6geln und anderen Tieren wieder eine Heimat bieten k\u00f6nnen.<\/p>\n<h4><a>Wirtschaft und Wirtschaftsf\u00f6rderung<\/a><\/h4>\n<p><strong>LINKE UND SOZIALE<\/strong> Politik steht daf\u00fcr, regionale, <strong>kleine und mittlere Unternehmen zu f\u00f6rdern<\/strong> und beim Wettbewerb mit internationale Konzerne f\u00fcr Chancengleichheit zu sorgen.<\/p>\n<p><strong>LINKE UND SOZIALE<\/strong> Politik setzt sich daf\u00fcr ein, dass innovative Unternehmer und Unternehmensgr\u00fcnder auch ohne herk\u00f6mmliche Sicherheiten <strong>g\u00fcnstige Kredite<\/strong> erhalten.<\/p>\n<p><strong>LINKE UND SOZIALE<\/strong> Politik fordert, dass regionale Sparkassen ihrer sozialen Verpflichtung der Daseinsvorsorge nachkommen und ein <strong>kostenloses Basiskonto <\/strong>f\u00fcr alle B\u00fcrger ihres Einzugsbereiches anbieten.<\/p>\n<p><strong>LINKE UND SOZIALE<\/strong> Politik setzt sich weiterhin daf\u00fcr ein, dass der <strong>Ausbau des Glasfasernetzes<\/strong> als Teil der Daseinsvorsorge in kommunaler Regie fortgef\u00fchrt und dass dieses dauerhaft in kommunalem Eigentum bleibt.<\/p>\n<p><strong>LINKE UND SOLZIALE<\/strong> Politik setzt sich f\u00fcr die Einrichtung und Unterhaltung von freien und offenem WLAN in \u00f6ffentlichen Geb\u00e4uden und Stra\u00dfenfl\u00e4chen ein.<\/p>\n<p><strong>LINKE UND SOZIALE<\/strong> Politik wird sich im Landkreis daf\u00fcr einsetzen, dass die <strong>Aus- und Weiterbildung<\/strong> junger und \u00e4lterer Arbeitnehmer im Sinne einer lebenslangen Qualifikation gef\u00f6rdert wird.<\/p>\n<h4><a>Energie<\/a><\/h4>\n<p><strong>LINKE UND SOZIALE<\/strong> Politik setzt auf Innovationen in der <strong>regenerativen Energieerzeugung<\/strong>. \u201eEnergiedrachen\u201c, Klein-Windkraftr\u00e4der und Klein-Wasserkraftanlagen, aber auch solare Strom- und W\u00e4rmeerzeugungssysteme sowie Nahw\u00e4rmenetze bieten viel Potential zur Erzeugung und besseren Nutzung regenerativer Energie. Biogasanlagen d\u00fcrfen nicht mit Lebensmitteln \u201egef\u00fcttert\u201c werden, die Inhalte der Biotonne und andere organische Reststoffe k\u00f6nnen in ihnen aber energetisch verwertet und sp\u00e4ter dem Naturkreislauf wieder zugef\u00fchrt werden.<\/p>\n<p>Gro\u00dfwindkraftwerke m\u00fcssen so finanziert, geplant und gebaut werden, dass ein sp\u00e4terer Abbau und eine umfassende Renaturierung m\u00f6glich bleiben und von den Betreibern finanziert werden.<\/p>\n<p><strong>Energiesparen<\/strong> ist die beste Energiequelle. <strong>LINKE UND SOZIALE<\/strong> Politik wird sich daf\u00fcr einsetzen, dass niedrig verzinste F\u00f6rderprogramme f\u00fcr Energiesparma\u00dfnahmen in Unternehmen und Haushalten zur Verf\u00fcgung stehen, die Energieagentur des Landkreises soll weiterhin eine aktive Rolle in der Beratung von Kommunen, Unternehmen und B\u00fcrgern spielen und der Landkreis in seinen Geb\u00e4uden und Anlagen als gutes Beispiel vorangehen, z.B. durch den Einsatz energiesparender Beleuchtung.<\/p>\n<p><strong>LINKE UND SOZIALE<\/strong> Politik setzt sich daf\u00fcr ein, dass <strong>Energieerzeugungsanlagen<\/strong> aus \u00f6ffentlichen Fonds finanziert werden, die im Sinne der Daseinsvorsorge kostendeckend arbeiten und keine Gewinne abwerfen m\u00fcssen. Sie unterst\u00fctzt aber auch B\u00fcrger, die in ihre Energieversorgung investieren, sie selber organisieren und so auch daf\u00fcr sorgen, dass das Geld in der Region bleibt und nicht in die Kassen nationaler oder internationaler Energiekonzerne wandert.<\/p>\n<p><strong>LINKE UND SOZIALE<\/strong> Politik setzt sich daf\u00fcr ein, dass die <strong>Kernkraftwerke<\/strong> in der Region schnellstm\u00f6glich abgeschaltet werden.<\/p>\n<h4><a>Abfallwirtschaft und Recyling<\/a><\/h4>\n<p><strong>LINKE UND SOZIALE<\/strong> Politik steht daf\u00fcr ein, dass die <strong>M\u00fcllgeb\u00fchren<\/strong> im Landkreis weiterhin kostendeckend erhoben, aber mehr nach der Abfallmenge und mit geringeren Grundgeb\u00fchren berechnet werden.<\/p>\n<p><strong>LINKE UND SOZIALE<\/strong> Politik setzt sich daf\u00fcr ein, dass noch brauchbare Produkte aufbereitet und weiter verwendet werden. An den Wertstoffh\u00f6fen sollen <strong>kommunale Gebrauchtwarenb\u00f6rsen<\/strong> entstehen, an denen funktionsf\u00e4hige Elektroger\u00e4te, M\u00f6bel etc. abgegeben werden k\u00f6nnen, die dann aufbereitet und gegen geringes Entgelt erworben werden k\u00f6nnen.<\/p>\n<p><strong>LINKE UND SOZIALE<\/strong> Politik wird sich im Landkreis daf\u00fcr einsetzen, dass soziale Organisationen wie PvD und SAK wieder umfassen gef\u00f6rdert werden und eine aktive Rolle in der <strong>Wiederaufbereitung und Wiederverwendung<\/strong> von Produkten spielen.<\/p>\n<p><strong>LINKE UND SOZIALE<\/strong> Politik setzt sich f\u00fcr die Nutzung des vom Fraunhofer Institut entwickelten TCR- Verfahrens (Thermo-Catalytic-Reforming) und den Bau einer TO-SYN-FUEL Anlage ein, mit der aus Kl\u00e4rschlamm aus den Abwasserverbandskl\u00e4ranlagen im Kreisgebiet und anderen biogenen Reststoffen CO<sub>2<\/sub>-neutralen Treibstoff gewonnen werden kann.<\/p>\n<h4><a>Landwirtschaft<\/a><\/h4>\n<p><strong>LINKE UND SOZIALE<\/strong> Politik wird sich daf\u00fcr einsetzen, dass <strong>regionale Landwirtschaft und Direktvermarktung<\/strong> intensiv gef\u00f6rdert werden und dass Landwirte f\u00fcr die Erhaltung der Kulturlandschaft und die Schaffung von Biotopen f\u00fcr Insekten, V\u00f6gel und Tiere bezahlt werden. Eine vielf\u00e4ltige Fruchtfolge, \u00f6kologisch wertvolle Ackerrandstreifen, Hecken und B\u00e4ume in den Feldern m\u00fcssen ebenso obligatorisch werden wie vielf\u00e4ltige Anstrengungen zur langfristigen Erhaltung der Bodenfruchtbarkeit; Maisw\u00fcsten sollen durch vielf\u00e4ltigen Feldfruchtanbau zur regionalen Vermarktung ersetzt und Ma\u00dfnahmen zur artgerechten Tierhaltung unterst\u00fctzt und unb\u00fcrokratisch gef\u00f6rdert werden \u2013 beispielsweise mobile Freilandhaltung von H\u00fchnern. Dabei m\u00fcssen Landwirte vor der internationalen Billig-Konkurrenz gesch\u00fctzt und f\u00fcr ihre diesbez\u00fcglichen Anstrengungen finanziell entsch\u00e4digt werden.<\/p>\n<p><strong>LINKE UND SOZIALE<\/strong> Politik wird die Schulung der Landwirte in <strong>umweltschonender Wirtschaftsweise<\/strong>, minimalem Einsatz an chemischen Mitteln und auf Wunsch auch die Umstellung zu einem zertifizierten Biobetrieb f\u00f6rdern.<\/p>\n<p><strong>LINKE UND SOZIALE<\/strong> Politik wird sich daf\u00fcr einsetzen, dass Landkreis und Kommunen \u2013 z.B. in den Schulen \u2013 hochwertige Nahrungsmittel aus der Region anbieten. Wir setzen uns ein f\u00fcr die Einrichtung eines kreiseigenen Ladens f\u00fcr kunsthandwerkliche und landwirtschaftliche Produkte aus dem Kreisgebiet.<\/p>\n<p><strong>LINKE UND SOZIALE<\/strong> Politik tritt f\u00fcr eine <strong>gentechnikfreie Landwirtschaft<\/strong> in der Region ein.<\/p>\n<h4><a>Umweltpolitik, Natur-, Klima- und Tierschutz<\/a><\/h4>\n<p><strong>LINKE UND SOZIALE<\/strong> Politik ist grunds\u00e4tzlich eine Politik, die <strong>Mensch und Umwelt gleichberechtigt<\/strong> in den Mittelpunkt stellt und deren Ausbeutung durch Kapitalinteressen entgegentritt. Umwelt- und Klimaschutz auf der einen, soziale Gerechtigkeit auf der anderen Seite sind zwei Seiten einer Medaille, die von <strong>LINKER UND SOZIALER<\/strong> Politik immer zusammen gedacht werden. Umwelt- und Klimaschutz sind Querschnittaufgaben, einzelne Ma\u00dfnahmen zur F\u00f6rderung von Umwelt- und Klimaschutz finden sich in vielen Aspekten <strong>LINKER UND SOZIALER<\/strong> Politik und auch in diesem Wahlprogramm.<\/p>\n<p>Der Schutz der Naturgebiete, der Flora und Fauna sind besondere Aspekte des Umweltschutzes. <strong>LINKE UND SOZIALE<\/strong> Politik unterst\u00fctzt hier die <strong>Bewahrung der Naturkorridore<\/strong> und das Engagement des Landkreises im Biosph\u00e4renreservat Schwarzwald und im Naturpark S\u00fcdschwarzwald. <strong>LINKE UND SOZIALE<\/strong> Politik fordert und f\u00f6rdert Projekte und Ma\u00dfnahmen zum Schutz der gewachsenen Kulturlandschaft des Schwarzwaldes und seiner Biotope, zum Schutz gef\u00e4hrdeter Pflanzen- und Wildtierarten, einen landkreisweiten Verzicht auf den Einsatz von bienen- und insektengef\u00e4hrlichen Chemikalien auf \u00f6ffentlichen Fl\u00e4chen, den umfassenden Schutz der Flie\u00dfgew\u00e4sser und des Grundwassers und einen sorgf\u00e4ltigen Umgang mit wassergef\u00e4hrdenden Stoffen.<\/p>\n<p><strong>LINKE UND SOZIALE <\/strong>fordert ein Verbot des Einsatzes von Wildtieren in Zirkussen im Landkreis L\u00f6rrach.<\/p>\n","protected":false},"excerpt":{"rendered":"<p>Der Landkreis im Eurodistrict Im Trinationalen Eurodistrict Basel (TEB) f\u00f6rdern und koordinieren die Regionen S\u00fcdbadens, der Nordwestschweiz und des Elsass grenz\u00fcberschreitende Aktivit\u00e4ten. LINKE UND SOZIALE Politik wird sich daf\u00fcr einsetzen, dass die grenz\u00fcberschreitende Zusammenarbeit auch f\u00fcr B\u00fcrger noch besser erlebbar wird, z.B. durch mehr grenz\u00fcberschreitenden \u00d6PNV, dass Umweltprobleme gemeinsam gel\u00f6st und \u2013projekte gemeinsam geplant werden &hellip; <a href=\"https:\/\/soziales-loerrach.de\/index.php\/programme\/programm-2019-kreis-loerrach\/wirtschafts-energie-und-struktur-und-umweltpolitik\/\" class=\"more-link\"><span class=\"screen-reader-text\">\u201eWirtschafts-, Energie- und Struktur- und Umweltpolitik\u201c<\/span> weiterlesen<\/a><\/p>\n","protected":false},"author":1,"featured_media":0,"parent":392,"menu_order":6,"comment_status":"closed","ping_status":"closed","template":"","meta":[],"_links":{"self":[{"href":"https:\/\/soziales-loerrach.de\/index.php\/wp-json\/wp\/v2\/pages\/407"}],"collection":[{"href":"https:\/\/soziales-loerrach.de\/index.php\/wp-json\/wp\/v2\/pages"}],"about":[{"href":"https:\/\/soziales-loerrach.de\/index.php\/wp-json\/wp\/v2\/types\/page"}],"author":[{"embeddable":true,"href":"https:\/\/soziales-loerrach.de\/index.php\/wp-json\/wp\/v2\/users\/1"}],"replies":[{"embeddable":true,"href":"https:\/\/soziales-loerrach.de\/index.php\/wp-json\/wp\/v2\/comments?post=407"}],"version-history":[{"count":1,"href":"https:\/\/soziales-loerrach.de\/index.php\/wp-json\/wp\/v2\/pages\/407\/revisions"}],"predecessor-version":[{"id":408,"href":"https:\/\/soziales-loerrach.de\/index.php\/wp-json\/wp\/v2\/pages\/407\/revisions\/408"}],"up":[{"embeddable":true,"href":"https:\/\/soziales-loerrach.de\/index.php\/wp-json\/wp\/v2\/pages\/392"}],"wp:attachment":[{"href":"https:\/\/soziales-loerrach.de\/index.php\/wp-json\/wp\/v2\/media?parent=407"}],"curies":[{"name":"wp","href":"https:\/\/api.w.org\/{rel}","templated":true}]}}